{"id":11,"date":"2017-04-27T17:45:29","date_gmt":"2017-04-27T15:45:29","guid":{"rendered":"http:\/\/lmgn.fr\/?page_id=11"},"modified":"2017-04-30T18:17:55","modified_gmt":"2017-04-30T16:17:55","slug":"une-section-de-page-daccueil","status":"publish","type":"page","link":"https:\/\/www.lmgn.fr\/?page_id=11","title":{"rendered":"Audit &#038; Conseil"},"content":{"rendered":"<p>LMGN INFO place votre m\u00e9tier au c\u0153ur de sa d\u00e9marche d&rsquo;analyse de votre organisation et de vos besoins qu&rsquo;il soit imm\u00e9diat ou \u00e0 venir. \u00a0En prenant de la hauteur sur votre fonctionnement, nous sommes capables de proposer diff\u00e9rentes solutions adapt\u00e9es \u00e0 vos besoins et d&rsquo;\u00e9tablir un planning de vos \u00e9volutions selon leur degr\u00e9 de criticit\u00e9.<\/p>\n","protected":false},"excerpt":{"rendered":"<p>LMGN INFO place votre m\u00e9tier au c\u0153ur de sa d\u00e9marche d&rsquo;analyse de votre organisation et de vos besoins qu&rsquo;il soit imm\u00e9diat ou \u00e0 venir. \u00a0En prenant de la hauteur sur votre fonctionnement, nous sommes capables de proposer diff\u00e9rentes solutions adapt\u00e9es \u00e0 vos besoins et d&rsquo;\u00e9tablir un planning de vos \u00e9volutions selon leur degr\u00e9 de criticit\u00e9.<\/p>\n","protected":false},"author":1,"featured_media":32,"parent":56,"menu_order":1,"comment_status":"closed","ping_status":"closed","template":"","meta":[],"_links":{"self":[{"href":"https:\/\/www.lmgn.fr\/index.php?rest_route=\/wp\/v2\/pages\/11"}],"collection":[{"href":"https:\/\/www.lmgn.fr\/index.php?rest_route=\/wp\/v2\/pages"}],"about":[{"href":"https:\/\/www.lmgn.fr\/index.php?rest_route=\/wp\/v2\/types\/page"}],"author":[{"embeddable":true,"href":"https:\/\/www.lmgn.fr\/index.php?rest_route=\/wp\/v2\/users\/1"}],"replies":[{"embeddable":true,"href":"https:\/\/www.lmgn.fr\/index.php?rest_route=%2Fwp%2Fv2%2Fcomments&post=11"}],"version-history":[{"count":3,"href":"https:\/\/www.lmgn.fr\/index.php?rest_route=\/wp\/v2\/pages\/11\/revisions"}],"predecessor-version":[{"id":36,"href":"https:\/\/www.lmgn.fr\/index.php?rest_route=\/wp\/v2\/pages\/11\/revisions\/36"}],"up":[{"embeddable":true,"href":"https:\/\/www.lmgn.fr\/index.php?rest_route=\/wp\/v2\/pages\/56"}],"wp:featuredmedia":[{"embeddable":true,"href":"https:\/\/www.lmgn.fr\/index.php?rest_route=\/wp\/v2\/media\/32"}],"wp:attachment":[{"href":"https:\/\/www.lmgn.fr\/index.php?rest_route=%2Fwp%2Fv2%2Fmedia&parent=11"}],"curies":[{"name":"wp","href":"https:\/\/api.w.org\/{rel}","templated":true}]}}